st common divisor of o and u.
2
Suppose -w = 2*r - 13, 4*w + 3*r = -r + 32. Let m(u) = -74*u - 506. Let n be m(-7). What is the highest common divisor of n and w?
3
Let n = 189 + -9. Suppose n = 18*m - 13*m. What is the greatest common divisor of m and 18?
18
Let i be (3/(6 - 0))/((-3)/(-468)). Suppose 6*z - i = 192. Let y be (36/10)/(2/10). What is the highest common factor of y and z?
9
Let x = -69 - -109. Suppose -h = 15 - x. Calculate the highest common divisor of 275 and h.
25
Suppose -2*u - 4 = 3*d, -22 = 4*d + 5*u - 5. Suppose n - 618 = -613. What is the greatest common factor of d and n?
1
Let l(k) = 14*k**3 + k**2 + k - 1. Let y be l(1). Suppose z = -2*n + 245, 3*n - 160 = -3*z + 215. Calculate the greatest common divisor of n and y.
15
Suppose 4*g + 182 = -3*g. Let i = -22 - g. What is the greatest common divisor of i and 16?
4
Suppose -q + 3*q = 4*n - 132, -4*q + 3*n - 284 = 0. Let z be 1*(4 - q) + 3. What is the highest common divisor of z and 9?
9
Let m(z) = z**3 - 2*z + 1. Let o = 8 + -9. Let q be 5 + o + (-3 - -1). Let u be m(q). What is the greatest common factor of 15 and u?
5
Let u = 455 + -445. What is the highest common divisor of u and 8?
2
Let g be ((-132)/18)/((-4)/6) - 2. What is the greatest common factor of 387 and g?
9
Suppose -5*p + p = -224. Let t = 8 + -11. Let l be (-4)/(-36)*t*-21. Calculate the highest common divisor of p and l.
7
Let j be 3/(9/21)*69. Suppose j = 3*q - 3*z, 4*q - 322 = z + 334. Calculate the highest common factor of 66 and q.
33
Suppose d + z - 637 = 0, -27*d + 26*d + 637 = 3*z. Calculate the greatest common factor of 39 and d.
13
Let d be 2/(207/102 + -2). Let o = d + -20. Suppose 43 = 3*k + 7. Calculate the greatest common divisor of k and o.
12
Suppose 12 = 6*x - 24. Suppose -104 - 184 = -x*p. Calculate the highest common factor of 80 and p.
16
Suppose -4*y = -2*h, -4*y - 9 + 1 = 2*h. Suppose -2*x = -12 + 36. Let g be (2 - 0) + (h - x). What is the greatest common factor of 84 and g?
12
Let f be 3/4 + 284/(-16). Let y = f - -47. Let r be (4 - 6 - -4) + y. Calculate the greatest common divisor of 128 and r.
32
Suppose -h + 433 = -3*c + 4*c, 0 = -2*h + 2*c + 862. What is the highest common factor of 176 and h?
16
Let p(o) = 15*o - 469. Let d be p(32). What is the greatest common divisor of d and 517?
11
Suppose 4*j - 76 = 52. Let k(x) = x**2 + 3*x + 16. Let w(g) = 2*g**2 - 47*g - 24. Let m be w(24). Let q be k(m). Calculate the highest common factor of j and q.
16
Let m be 3/3*(0 - -4) + 2. Let p be 220*(0 + m/15). What is the greatest common divisor of 11 and p?
11
Let w = -65 - -280. Calculate the greatest common divisor of w and 301.
43
Let x = -40 + 117. Suppose 5*y - 3*y + 2*z = 14, 5*y = 4*z + 71. What is the greatest common factor of x and y?
11
Suppose 0 = -10*u - 14 + 44. What is the highest common divisor of u and 19?
1
Suppose -3*x = -4*x + 2. Suppose 3*y + 1 = x*y. Let h be y/(-3 - (-208)/70). Calculate the greatest common divisor of h and 7.
7
Let a(v) = v**2 + 7*v. Let b be a(-7). Suppose 60 = 6*q - b*q. Calculate the greatest common divisor of q and 80.
10
Let f(d) = 6*d - 2. Let q be f(5). Let g(w) = -w**3 - 6*w**2 - 9*w + 4. Let y be g(-7). Suppose -q - y = -4*x. Calculate the highest common divisor of x and 12.
12
Let m = -5110 - -5140. Let k be (10/4)/((-1)/(-12)). What is the highest common divisor of m and k?
30
Suppose -3*v + 15 = 2*v. Suppose 0*r + v*r - p - 572 = 0, r + 4*p = 208. Calculate the highest common divisor of 24 and r.
24
Suppose 3*g - 18*g + 15 = 0. Suppose -4*q + 4*c - 8*c + 32 = 0, -3*c - 25 = -4*q. What is the greatest common divisor of g and q?
1
Let c(n) = -n**3 - 7*n**2 - 20*n - 35. Let y be c(-6). What is the highest common divisor of y and 224?
7
Let q be ((-12)/15)/(2/(-160)). Suppose -5*h - 71 = 124. Let c = h - -55. Calculate the highest common divisor of c and q.
16
Suppose n + 3298 = 5*v, 2648 = 3*v + v + 4*n. Calculate the greatest common divisor of 55 and v.
55
Let b(g) = g**2 - 3*g + 8. Let n be b(4). What is the highest common divisor of 60 and n?
12
Suppose 2*c - 3*h = -4*h + 267, c = 2*h + 131. Let a be ((-1)/(-1))/(7/c). Let g = a + -4. What is the greatest common divisor of g and 105?
15
Let h(k) = -k + 0 + 8 + 61 - 23. Let v be h(0). Calculate the highest common factor of 23 and v.
23
Let x be (-17)/(16/(-6) + 3). Let i = -39 - x. What is the greatest common divisor of 30 and i?
6
Let t = 39 + -88. Let n = t - -79. What is the highest common factor of 20 and n?
10
Let z = -17 + 21. Suppose 4*x = u + 40, -z*x + 6*x + u = 26. What is the greatest common divisor of 88 and x?
11
Let k(r) = r**3 - 24*r**2 + 34*r - 10. Let i be k(23). What is the highest common factor of 9 and i?
9
Suppose -44*g = -39*g - 55. What is the highest common divisor of 99 and g?
11
Let t be 7/(-3*1/3). Let f = 1 - t. What is the highest common factor of 64 and f?
8
Let y = -154 - -304. Suppose -p + 32 - 5 = 3*o, 4*p - 2*o = y. Calculate the highest common factor of 90 and p.
18
Let m(r) = 10*r + 2. Let n be (0 + 7)*3*(-5)/(-15). Let b be m(n). What is the greatest common divisor of 8 and b?
8
Let f = -484 - -544. What is the greatest common divisor of f and 40?
20
Let r(u) = 27*u**3 - 2*u**2 + 1. Let y = -55 + 57. Let s be r(y). Calculate the greatest common divisor of s and 19.
19
Let r be 10*16/(-200) + 376/20. Let c(t) = -t**3 + 4*t**2 + 4*t. Let x be c(4). Let l be (-3*x)/((-3)/9). What is the greatest common divisor of l and r?
18
Suppose 0 = -457*a + 454*a + 228. Calculate the highest common divisor of 114 and a.
38
Let f(r) = -r**2 - 9*r - 5. Let x be f(-8). Let u be 0 - (-22 + -2)*1. What is the greatest common divisor of u and x?
3
Let q = 24 - 20. Suppose -q*y = 2*g + 12, -5*g + 3*y + 18 = -17. What is the highest common factor of 20 and g?
4
Let s be (-1)/(-1) + (-1 - (-29 - 7)). Calculate the greatest common factor of s and 54.
18
Suppose 2*c + q = -q - 84, -c - 4*q = 27. Let h be (-1)/2 - 370/4. Let m = c - h. What is the highest common factor of 69 and m?
23
Let b be 1/4 + 110/8. Let p(t) = t**2 - 26*t - 1886. Let m be p(60). What is the greatest common divisor of m and b?
14
Suppose 2*c + 1 = -23. Let f = c + 17. Suppose -56 = -f*m + 4*v, 0 = -5*m + 4*v - 2*v + 58. What is the highest common factor of 84 and m?
12
Let z = -9 + 90. What is the highest common factor of z and 18?
9
Suppose 0*m + 4 = 2*m. Let u(y) = 4*y - 18. Let p be u(8). Calculate the highest common factor of p and m.
2
Let q be 2/(-1)*(4 - -3). Let t be -3 - q - (-1)/1. Let j = 117 + -69. What is the greatest common divisor of t and j?
12
Suppose 4*j = -3*i - 19, 0*j + j = -2*i - 11. Let u = 14 + j. Suppose -3*v = -143 - 52. What is the greatest common factor of u and v?
13
Suppose 3*t = 2*l - 141, -4*t = -5*l - 9*t + 365. Suppose -4*i + 3*i - 138 = 0. Let x = i + 246. What is the highest common factor of l and x?
36
Let w be ((-1)/2)/(1/(-4)). Let y = 30 - 27. Let h = y - w. Calculate the greatest common factor of 5 and h.
1
Let g be 1286 + (6 - 3) + 26 + -23. What is the greatest common divisor of 136 and g?
68
Let l = -363 - -491. Calculate the greatest common divisor of l and 992.
32
Suppose 122 = -20*h + 322. Let z(q) = -q**3 + 4*q**2 + 1. Let j be z(5). Let f be ((-50)/8)/(3/j). What is the highest common factor of f and h?
10
Let w(t) = -2*t**3 + 15*t**2 + 11*t + 15. Let q be w(8). What is the greatest common divisor of q and 312?
39
Suppose 0 = -0*t + t - 5. Suppose -81 = -t*v + 64. Let p = 41 - v. What is the highest common divisor of 132 and p?
12
Suppose -4*o + 69 - 19 = -5*f, -3*f = 2*o - 14. Suppose -9*u - 360 = -o*u. What is the greatest common divisor of u and 45?
45
Suppose s = 0, s + 44 + 2712 = 4*w. What is the highest common divisor of 159 and w?
53
Suppose 1 = z - 7. Let s be (192/(-20))/(30/(-75)). Calculate the highest common divisor of z and s.
8
Let g be (4 + -8)/((-4)/27). Suppose -27 = -2*c - 9. What is the highest common divisor of g and c?
9
Suppose -4*x + 286 = -242. Calculate the greatest common factor of 462 and x.
66
Suppose -4*j - 843 = 2*k - 2769, -3*j + 1442 = -k. Suppose -j = -4*c - 193. Suppose -4*b + 7*b - 27 = 0. Calculate the highest common divisor of c and b.
9
Suppose 4*q + 5*o = -75, 0 = 3*q - 0*q - o + 80. Let b = q + 37. Calculate th